y ((-26)/4 - -7)*(-4 - -166)?
9
Let n = -38 + 67. Suppose -22*p + 17*p = 75. Let q = n + p. What is the remainder when q is divided by 5?
4
Let u(w) = -2*w**3 - 5*w**2 - 3*w - 2. Let q(f) = f**3 - f**2 - f + 29. Suppose c - 2*c = 0. Calculate the remainder when q(c) is divided by u(-3).
13
Suppose 0 = -4*a - a + 20. Let q = -3208 - -3225. What is the remainder when q is divided by a?
1
Suppose 3*w + 34 = 12*a - 11*a, -2*a - w = -96. Calculate the remainder when a is divided by 29.
17
Let z = 219 + -202. What is the remainder when 40 is divided by z?
6
Let u = -174 - -198. Calculate the remainder when 112 is divided by u.
16
Let f = -125 - -63. Let m = f + 91. Let o = 69 + -14. What is the remainder when o is divided by m?
26
Let w(a) = -8*a**2 - a - 1. Let r be w(-1). Let j(g) = -g**2 - 10*g + 5. Calculate the remainder when 61 is divided by j(r).
19
Suppose 2*l = 7*l - 4*i - 11, -3*l = -i - 8. Suppose -g = l*g - 204. Calculate the remainder when g is divided by (-24)/(-2*1) - -1.
12
Suppose -2839 = -31*s - 111. What is the remainder when s is divided by 15?
13
Suppose -4*n + 4*b + 60 = 0, -8*n + 11*n + 4*b = 10. Calculate the remainder when 46 is divided by n.
6
Let q(l) = -l**2 + 2*l + 5. Let s be q(4). Let p(a) = -a**2 - 4*a - 2. Let k be p(s). Let v = k + 18. What is the remainder when v is divided by 5?
4
Let i = 26 - 95. Let b = -43 - i. Calculate the remainder when (52/(-16) + 2)/(6/(-480)) is divided by b.
22
Let c(f) = f**2 + f. Let r be c(-1). Suppose r = -10*m + 5*m + 75. What is the remainder when (-4)/2*123*4/(-24) is divided by m?
11
Let g be 4/14 + (-435)/(-21). Suppose 4*m - g = m. What is the remainder when (-220)/10*((-2)/4 - 1) is divided by m?
5
Suppose -8*a + 2*n = -7*a - 95, 3*a - 4*n - 285 = 0. Calculate the remainder when 269 is divided by a.
79
Suppose -35 = -5*w + 3*c, -3*w + 35 = 2*w - c. Suppose 130 = 3*d + w*d. What is the remainder when 62 is divided by d?
10
Suppose y - 12 = 15. Let m = 1507 - 1496. Calculate the remainder when y is divided by m.
5
Let i(t) = t**2 - 6*t + 8. Let f be i(4). Suppose f = 4*p - 4*q - 40, 4*q + 15 = -1. Calculate the remainder when 22 is divided by p.
4
Let k = 1226 - 1211. Suppose -5*j + 7 = -3*w, 3*j + 14 = 8*j + 4*w. Calculate the remainder when ((-86)/(-4))/(j/4) is divided by k.
13
Suppose 4*z - 230 = -k, -3*z = 4*k - 1090 + 170. What is the remainder when k is divided by 73?
11
Let u = 15 - -5. Let j = u - 13. Suppose -3*x + 42 + 6 = -3*i, -5*x = i - 92. Calculate the remainder when x is divided by j.
4
Let j(w) = -4*w + 1. Let b be j(-2). Let s(p) = -p**2 + 10*p - 1. What is the remainder when 19 is divided by s(b)?
3
Let p be (-1)/(-4) + 9/(-4). Calculate the remainder when ((-138)/(-9)*-3)/p is divided by 12.
11
Let p(o) = 5*o**2 - 10. Let s be p(-5). Let n = 166 - s. Calculate the remainder when n is divided by 14.
9
Let l(n) = n**2 + 3*n - 7. Let w be l(-5). Suppose 4*q = w*q. Suppose -2*x + 0*x + 16 = q. Calculate the remainder when 28 is divided by x.
4
Suppose -56 = -7*h + 5*h. Let q = -25 + h. Suppose -g + 0*g = -q. Calculate the remainder when 5 is divided by g.
2
Let o(m) = 5*m + 55. Calculate the remainder when 119 is divided by o(-6).
19
Suppose 4*q = 3*q - 4. Let u = -6 + q. Let h = u + 25. What is the remainder when h is divided by 8?
7
Let s be ((6 - 1) + -2)*1. Suppose -2*b + 40 = -s*t + 2*b, 4*t - b + 36 = 0. Calculate the remainder when t/(-6)*(-570)/(-20) is divided by 13.
12
Suppose 4*v = 5*z + 47, -2*v - 4*z = -6*v + 48. What is the remainder when v is divided by 8?
5
Let o = 30 - 37. Let g(j) = j**2 - 4*j - 13. Let s be g(o). Suppose -3*v + 49 = -d, -4*v + s = -d - 0*d. Calculate the remainder when 27 is divided by v.
12
Suppose -131 = 10*y - 12*y - 3*j, 3*y + 2*j = 204. What is the remainder when 138 is divided by y?
68
Let k(n) = 7*n**2 - 2*n + 1. Let t = -19 - -17. Let l(b) = b**3 - 2*b**2 + 2*b + 2. What is the remainder when k(t) is divided by l(3)?
16
Suppose 118 - 706 = -4*v. Let p = 9719 + -9694. What is the remainder when v is divided by p?
22
Let y = -37 + 33. Calculate the remainder when 48 is divided by y/(-10) - (174/(-15) + 2).
8
Suppose -2*s + 3*s = 2. Let k be -3 - s*(-9)/6. Suppose k*j + 5*j - 85 = 0. What is the remainder when j is divided by 10?
7
Suppose 3*v = t - 98 - 16, 3*v = -2*t + 219. Calculate the remainder when t is divided by 18.
3
Let k(w) be the second derivative of -1/6*w**3 + 10*w**2 + 0 - 7*w. Calculate the remainder when 78 is divided by k(0).
18
Suppose 0 = 55*p - 253 - 132. What is the remainder when 61 is divided by p?
5
Let y(o) be the third derivative of 5*o**4/24 + 7*o**3/3 - 3*o**2. What is the remainder when y(6) is divided by 12?
8
Let a(o) = o**3 + 5*o**2 + 3*o - 4. Let f be a(-4). Suppose f = 12*s - 190 - 50. Let g = -10 + 46. Calculate the remainder when g is divided by s.
16
Suppose 4*o = 2*i - 20, 2*i + 0*o - 2 = -2*o. Suppose -i*k + 0*k = -216. What is the remainder when k is divided by 4/18 + 1859/99?
16
Suppose -3*h + 5*l = -h - 11, 0 = -4*h - 4*l + 8. Let x be 3 - ((-14)/(-10))/(7/35). Let a(f) = -f - 3. Calculate the remainder when h is divided by a(x).
0
Let p = 148 + -103. Let l = p - 34. What is the remainder when 18 is divided by l?
7
What is the remainder when 56 is divided by (306/63)/(6/42)?
22
Suppose 0 = -2345*m + 2341*m + 124. What is the remainder when 120 is divided by m?
27
Let x = 584 - 575. Calculate the remainder when 88 is divided by x.
7
Let n(g) be the second derivative of g**3/6 + g**2/2 + 3*g. Let y be n(8). Calculate the remainder when 63 is divided by 120/y + 2/(-6).
11
Suppose -38 = 11*m - 12*m. Calculate the remainder when 109 is divided by m.
33
Suppose 2*x - 2*z = -0*x + 130, -5*x = 2*z - 360. Let q be (-2)/14 + 290/x. Suppose q*m = 2*m + 30. Calculate the remainder when m is divided by 6.
3
Let b = -136 - -233. Suppose -b = -2*x + 5*u, -4*x + 139 = 6*u - 5*u. Calculate the remainder when x is divided by 21.
15
Suppose 2*x - 6*x = -96. Calculate the remainder when (-2*(-3)/(-6))/1*-191 is divided by x.
23
Let c(k) = -2*k**2 - k + 25. Let a = 18 - 14. Calculate the remainder when (-74)/a*(-18 - -14) is divided by c(0).
24
Let j(c) = 2*c**2 - 55*c - 34. What is the remainder when j(30) is divided by 30?
26
Suppose -16*z = -439 - 505. What is the remainder when z is divided by 1*31*(-1)/(-1)?
28
Let i(p) = 5*p**3 + 8*p**2 + 9*p + 6. Let g be i(-6). What is the remainder when 6/(-2) + g/(-6) is divided by 35?
32
Suppose n = a - 1, -5*a - 6 = -3*n - 3. Suppose 0 = 5*t + 5*k - 30, 3*t + t - 18 = -k. Calculate the remainder when 14 - (0 - 3)/a is divided by t.
1
Let n(k) = 5*k**2 - 3*k - 1. Suppose -5*d = -6*d + 147. Suppose -d = -2*a - a. What is the remainder when a is divided by n(-2)?
24
Let g(w) = 15*w + 16. Let q be g(6). Suppose 3*t + 5*z - 157 = 0, -2*t + q = -3*z + 6*z. What is the remainder when t is divided by 15?
14
Calculate the remainder when 166 is divided by -146*4/(-14) + 38/133.
40
Suppose -110 = -6*y + 94. Suppose -4 + 16 = c. What is the remainder when y is divided by c?
10
Suppose -3*u + 141 + 195 = 0. Let l = 203 - u. Calculate the remainder when l is divided by 31.
29
What is the remainder when 70 is divided by (184/40 - 7)*(3 - 8)?
10
Let w(f) = -10*f**3 - 5*f + 0*f**3 - 6 + 17*f**3 - 6*f**3 + 3*f**2. Calculate the remainder when w(-3) is divided by 2.
1
Let z(h) = -2*h**2 - 23*h - 36. What is the remainder when 175 is divided by z(-8)?
15
Let f(p) = p - 60. Let t be f(0). Let n = t - -91. Let k = n - 19. What is the remainder when 57 is divided by k?
9
Let w(p) = -10*p + 4. Let n(f) = f - 12. Let g be n(11). Let a(o) = -o. Let k(t) = g*w(t) + 6*a(t). Calculate the remainder when 22 is divided by k(4).
10
Let f be 6/(30/4735) - -3. Suppose 7*t - f = -201. Calculate the remainder when t is divided by 10.
7
Suppose -3*q + 6*q = 33. Let f = q - 6. Suppose 0 = -5*z, 5*s - 4*s = -f*z + 9. What is the remainder when 15 is divided by s?
6
Suppose -4*b + 14 + 90 = -n, 2*n - 92 = -4*b. Suppose -4*j - b = -q + j, 23 = q - 4*j. Calculate the remainder when 61 is divided by q.
1
Suppose 0 = 12*n - 8*n + q - 64, 5 = n + 3*q. Let o be 2/(-7) + 1287/21. Let d = 93 - o. What is the remainder when d is divided by n?
15
Suppose 24 = 3*k - 2*n, k + 1 = -3*n - 2. Let m(g) = 